{"id":196,"date":"2025-10-30T20:34:51","date_gmt":"2025-10-30T23:34:51","guid":{"rendered":"https:\/\/bandmateproject.com\/?page_id=196"},"modified":"2025-11-07T20:02:20","modified_gmt":"2025-11-07T23:02:20","slug":"informe-de-avance-iii","status":"publish","type":"page","link":"https:\/\/bandmateproject.com\/?page_id=196","title":{"rendered":"Informe de Avance (III)"},"content":{"rendered":"\n<p>En este ultimo informe de avance Repasaremos todo lo ocurrido dentro de este ultimo mes. Ha sido un mes donde luego de definirnos totalmente por la utilizaci\u00f3n del micr\u00f3fono MAX9814 luego de que las pruebas con el piezoel\u00e9ctrico no resultaran de la manera que ten\u00edamos planeado.<\/p>\n\n\n\n<p><strong>Como en el resto de los informes anteriores<em>: Para ver un avance m\u00e1s en detalle revisar los apartados de \u00ab+ Informaci\u00f3n\u00bb, donde se detalla de manera mas exhaustiva cada avance, no solo de manera escrita, sino que con im\u00e1genes, videos, c\u00f3digo e incluso diagramas en TinkerCAD.<\/em><\/strong><\/p>\n\n\n\n<p><\/p>\n\n\n\n<p><strong><em>29\/10\/2025<\/em><\/strong><\/p>\n\n\n\n<p><strong>De Consola a Display <\/strong><a href=\"https:\/\/bandmateproject.com\/?p=104\" data-type=\"link\" data-id=\"https:\/\/bandmateproject.com\/wp-admin\/post.php?post=104&amp;action=edit\" target=\"_blank\" rel=\"noreferrer noopener\">(+ Informaci\u00f3n)<\/a><\/p>\n\n\n\n<p>Para esta entrega tuvimos uno de los avances considerables cuando conseguimos poder integrar una interface nativa que comunique directamente , utilizando un display LCD I2C. Dando as\u00ed un salto de calidad en cuanto al proyecto.<\/p>\n\n\n\n<p><strong><em>03\/10 <\/em><\/strong><\/p>\n\n\n\n<p><strong>Display+Micro <\/strong> <a href=\"https:\/\/bandmateproject.com\/?p=123\">(+Informaci\u00f3n)<\/a><\/p>\n\n\n\n<p>Llegados al punto de colocar el display hubo que acomodar como se complementaria tanto con el microfoneo como con el c\u00f3digo , teniendo que ajustar el c\u00f3digo para que muestre en pantalla lo que nos estaba mostrando por la terminal de arduinoIDE.  Dejando en esta instancia pronto lo que seria el prototipo del proyecto.<\/p>\n\n\n\n<p><strong><em>03\/10<\/em><\/strong><\/p>\n\n\n\n<p><strong>Pruebas con el sensor piezoel\u00e9ctrico : \u00fatil para detectar vibraciones, pero &#8230; <\/strong><a href=\"https:\/\/bandmateproject.com\/?p=154\">(+Informaci\u00f3n)<\/a><\/p>\n\n\n\n<p>En esta ocasi\u00f3n hicimos las pruebas con el sensor piezoel\u00e9ctrico como alternativa para lo que es el micr\u00f3fono , teniendo otra manera diferente de captar las notas . Aunque en resumen las pruebas no fueron de la manera esperada pudimos sacarnos la duda para de esa manera seguir con el micr\u00f3fono MAX9814 que nos a brindado mejores resultados.<\/p>\n\n\n\n<p><strong><em>17\/10<\/em><\/strong><\/p>\n\n\n\n<p><strong>Optimizando el c\u00f3digo <\/strong><a href=\"https:\/\/bandmateproject.com\/?p=176\">(+Informaci\u00f3n)<\/a><\/p>\n\n\n\n<p>Una vez totalmente decididos a seguir adelante con el micr\u00f3fono MAX9814 ya habiendo sumado el display LED la pr\u00f3xima tarea fue ir optimizando el c\u00f3digo y nos propusimos idear mejoras en la interfaz para incluir botones para que sea mas facil su uso haciendo maquetas en TINKERKAD para luego poderlo realizarlo .<\/p>\n\n\n\n<p><strong><em>24\/<\/em>10<\/strong><\/p>\n\n\n\n<p><strong>Ultimo d\u00eda de actualizaciones <\/strong><a href=\"https:\/\/bandmateproject.com\/?p=185\">(+Informaci\u00f3n)<\/a><\/p>\n\n\n\n<p>Nos propusimos para esta instancia dejar pronto el prototipo para ya ir d\u00e1ndole punto final a las mejoras. Pudiendo efectivamente completar la interface con los botones logrando aislar cada cuerda de la guitarra con su respectivo bot\u00f3n , logrando que sea mucho mas sencillo su utilizacion. Acomodando a su vez el c\u00f3digo dejando de esta manera pronto el prototipo. Aunque nos gustaria seguir expandiendo y mejorando las fechas nos hacen dejar el proyecto como terminado con estas ultimas mejoras. Dej\u00e1ndonos muy a gusto tanto con el desempe\u00f1o de todos los compa\u00f1eros como con el resultado del prototipo.  La verdad que fue toda una linda experiencia y quedando mas que conformes tanto con el resultado como del desempe\u00f1o. <\/p>\n\n\n\n<p><\/p>\n\n\n\n<p><\/p>\n\n\n\n<p><\/p>\n","protected":false},"excerpt":{"rendered":"<p>En este ultimo informe de avance Repasaremos todo lo ocurrido dentro de este ultimo mes. Ha sido un mes donde luego de definirnos totalmente por la utilizaci\u00f3n del micr\u00f3fono MAX9814 luego de que las pruebas con el piezoel\u00e9ctrico no resultaran de la manera que ten\u00edamos planeado. Como en el resto de los informes anteriores: Para [&hellip;]<\/p>\n","protected":false},"author":1,"featured_media":0,"parent":0,"menu_order":0,"comment_status":"closed","ping_status":"closed","template":"","meta":{"site-container-style":"default","site-container-layout":"default","site-sidebar-layout":"default","disable-article-header":"default","disable-site-header":"default","disable-site-footer":"default","disable-content-area-spacing":"default","footnotes":""},"class_list":["post-196","page","type-page","status-publish","hentry"],"_links":{"self":[{"href":"https:\/\/bandmateproject.com\/index.php?rest_route=\/wp\/v2\/pages\/196","targetHints":{"allow":["GET"]}}],"collection":[{"href":"https:\/\/bandmateproject.com\/index.php?rest_route=\/wp\/v2\/pages"}],"about":[{"href":"https:\/\/bandmateproject.com\/index.php?rest_route=\/wp\/v2\/types\/page"}],"author":[{"embeddable":true,"href":"https:\/\/bandmateproject.com\/index.php?rest_route=\/wp\/v2\/users\/1"}],"replies":[{"embeddable":true,"href":"https:\/\/bandmateproject.com\/index.php?rest_route=%2Fwp%2Fv2%2Fcomments&post=196"}],"version-history":[{"count":3,"href":"https:\/\/bandmateproject.com\/index.php?rest_route=\/wp\/v2\/pages\/196\/revisions"}],"predecessor-version":[{"id":228,"href":"https:\/\/bandmateproject.com\/index.php?rest_route=\/wp\/v2\/pages\/196\/revisions\/228"}],"wp:attachment":[{"href":"https:\/\/bandmateproject.com\/index.php?rest_route=%2Fwp%2Fv2%2Fmedia&parent=196"}],"curies":[{"name":"wp","href":"https:\/\/api.w.org\/{rel}","templated":true}]}}